) = g**3 + 10*g**2 + 11*g + 6. Let c(l) = -l**3 + 12*l**2 - 34*l + 7. Let v be c(8). What is r(v)?
-12
Let c = -65/46 - -499/345. Let o(v) be the third derivative of c*v**5 + 1/24*v**4 - v**2 + 1/6*v**3 + 0*v + 0. Determine o(2).
11
Let n(u) = -u**2 - 4*u + 1. Let w(f) = 2*f**2 + 5*f - 2. Let b(i) = 3*n(i) + 2*w(i). Suppose -5*o - 2*z = -4*o - 8, -4 = -3*o + 4*z. What is b(o)?
7
Let g(t) = t**3 + 7*t**2 + 4*t - 7. Let i be g(-6). Let w(c) = c**2 - 4*c - 1. Determine w(i).
4
Let k(f) = -8*f - 1. Let q be 8/(-2) - (-42)/(-3). Let b be 1 + 6*(-6)/q. Give k(b).
-25
Let q(i) = -6*i - 3. Let r(c) = -c. Let t(n) = 6*n. Suppose 0 = s - 6 + 1. Let k(y) = s*r(y) + t(y). Let z be k(-2). Determine q(z).
9
Suppose -4720*y + 35 = -4725*y. Let b(x) = x**3 + 7*x**2 + 4*x - 5. Calculate b(y).
-33
Let q(b) = -b - 7. Let f(j) = 13*j - 5. Let i be f(2). Suppose 0 = 3*h + 4*p - 8 - 22, 0 = 2*h + 3*p - i. What is q(h)?
-13
Let h(f) = f**2 - 5*f + 5. Let k = -3 - -8. Suppose 0 = c + 10 - 18. Suppose k*x = 7*x - c. Determine h(x).
1
Suppose 0 = -3*x + d + d - 10, 0 = -d + 5. Let u(i) = -8 - 2 + 5 + i. Let h be u(x). Let a(j) = j**2 + 4*j - 3. What is a(h)?
2
Let d(w) = -12 - 121*w + 60*w + 62*w. Determine d(4).
-8
Let b be (-60)/(-9)*72/80. Let c(o) = o**2 + 4*o + 3. Give c(b).
63
Let p(f) = -4 - 7 + 13 - f**3 + 12*f**2 + 2*f**3. What is p(-12)?
2
Suppose -69 = 29*s + 76. Let g(c) = -c**3 - 5*c**2 - 2*c + 5. What is g(s)?
15
Let h(d) = 595*d**2 + 102*d + 102. Let l(k) = -29*k**2 - 5*k - 5. Let b(s) = 5*h(s) + 102*l(s). Suppose 0 = 9*z - z - 8. Calculate b(z).
17
Let s(f) = -6*f - 3. Let o = 171 - 174. Calculate s(o).
15
Suppose -h - 5 = -1. Let f(w) be the first derivative of w**5/60 + 5*w**4/24 + w**3/2 + 7*w**2/2 - 3. Let q(j) be the second derivative of f(j). Determine q(h).
-1
Let h(i) = -i. Let m(w) = -12*w + 30. Let d be m(3). What is h(d)?
6
Let t be 2/1 - (0 + -2). Suppose -t*n + 11 - 67 = -5*g, 4 = 2*g + 3*n. Let a = g + -4. Let j(o) = -o - 4. Give j(a).
-8
Let q(d) be the third derivative of d**6/120 + d**5/60 + d**4/24 - d**3/3 - 2*d**2. Let y be 104/(-48) + 3/18. Let i be y - ((-4)/4 + -1). Calculate q(i).
-2
Let a(p) = p**2 + p - 4. Let k be -3*(-5)/3*4. Suppose 4*c - 3*c = 0. Suppose 0*l - 5*l - k = c. What is a(l)?
8
Let o(y) = y**3 - y**2 + 4. Let k be o(0). Suppose k*w - 6 + 6 = 0. Let g(p) = -2*p**2 - 2*p - 13 + p**2 + 3*p. What is g(w)?
-13
Let b(p) = -p - 15. Let j be (3/(-9))/(3/126). Let g be ((-11)/2)/(j/(-28)). Give b(g).
-4
Suppose -3*i - i - p = -8, -4 = -2*i + 4*p. Suppose -i*m - 14 = 5*x, 3*m - 7*m + 4*x = 0. Let h(a) = a - 1. Give h(m).
-3
Let b(d) be the second derivative of d**4/6 + 5*d**3/6 - 3*d**2/2 + 5*d + 11. Let t = -8 - -4. Give b(t).
9
Let l(t) = -t**3 + t - 1. Let k(g) be the third derivative of 7*g**6/120 - g**5/10 - g**4/6 - g**3/2 + 9*g**2. Let r(j) = -k(j) - 6*l(j). What is r(6)?
-3
Let z(w) = 2*w + 8*w + 4*w + 14*w**2 + 18 - w**3. Let h be z(15). Let c(l) = 4 + 2*l**h - 5 + 0*l**3 + 3*l**3. Calculate c(-1).
-6
Let w(f) be the first derivative of 3*f**2/2 + 2*f + 250. Suppose -3*q = 3*k + 2 + 1, 3*q - 12 = 0. Determine w(k).
-13
Let z = 175 - 172. Let v(f) = f - 7. What is v(z)?
-4
Let u(v) = -v**3 - 6*v**2 + v - 7. Let q be (4/6)/(92/(-966)). Give u(q).
35
Let s(x) = -x + 12. Let r = 361 - 368. Give s(r).
19
Let c(z) = 6*z**3 + 46*z**2 + 21*z + 57. Let d(n) = -n**3 - 9*n**2 - 4*n - 11. Let p(r) = 2*c(r) + 11*d(r). What is p(7)?
-21
Let l(r) = -2*r + 9. Let m be 0/(3 - 1) - -3. Suppose 30 = 8*s - m*s. Calculate l(s).
-3
Let a be -2*3/4*6. Let n = 6 - a. Let i(o) = 9*o**2 - n*o**2 + 4*o**2 - 1. Give i(-1).
-3
Let j = 138 + -144. Let k(y) = 5*y - 6. Let m(w) = 3*w - 3. Let a(s) = -4*k(s) + 7*m(s). Give a(j).
-3
Let g(t) = 2*t + 7. Let m = -87 - -92. Suppose q + 4*j + 11 = -15, m*j = -20. Calculate g(q).
-13
Let h(o) = o**3 + 5*o**2 + 2*o - 5. Let t be 0/((-8)/20*-5). Let l be 3 + (-4)/4 + t. Let k be -2*(l + (-3 - -3)). Calculate h(k).
3
Let k(g) = 4*g**2 - 2*g**2 - 4*g - 4 - g**2. Suppose -5*n + f + 41 = 0, -2*n + 28 = n - 4*f. Let v be (n/(-2))/(19 - 20). Give k(v).
-4
Let h(w) = w**3 - w**2 - w + 1. Let n = -536 - -534. What is h(n)?
-9
Let d(b) be the first derivative of b**2 + b + 86. Suppose -s + 10 = -6*s. What is d(s)?
-3
Let a(o) be the first derivative of -o**3/3 - 3*o**2/2 + 6*o + 77. Calculate a(-6).
-12
Let w(u) = -u + 1. Let y = 2 - 3. Let v(r) = -2*r + 6. Let k(t) = y*v(t) + w(t). Let z = 2 + -7. Give k(z).
-10
Let u(q) = q**2. Let x(v) = -v**3 + 9*v**2 - 3*v + 5. Suppose 2*g - 6 = -16. Let a(i) = g*u(i) + x(i). Calculate a(4).
-7
Let k(s) = 10*s**2 + 1. Suppose -4*n - 4*g = -36, 0*n + 3*n = -5*g + 37. Suppose n = 8*p - 4. Give k(p).
11
Let l(f) = 11*f**3 - f**2 - 17*f - 23. Let g(b) = 5*b**3 - 8*b - 11. Let w(m) = 9*g(m) - 4*l(m). Let n(i) = -4*i + 27. Let k be n(8). Determine w(k).
-12
Let o(y) = -y**2 - 7. Suppose -6 = 91*f - 92*f. Let x be (-2 - -2)/(-4 + 9 - f). Give o(x).
-7
Let s(n) = -59*n - 17. Let f(o) = -70*o - 18. Let k(m) = -6*f(m) + 7*s(m). Calculate k(1).
-4
Let d(x) = -x**2 + 6*x - 5. Suppose 0 = -3*l + 2*l + 2. Suppose -l*v + n = -n, v + 4 = 2*n. Determine d(v).
3
Let z = 115 - 109. Let b(p) = p**2 - 2*p + 3. Calculate b(z).
27
Let n be 12/78 + (-10)/65. Let q(l) be the third derivative of 5*l**2 + 1/3*l**3 + 1/120*l**6 + n*l - 5/24*l**4 - 1/30*l**5 + 0. Give q(3).
-4
Let x(b) = b**2 + 11*b - 6. Let p(d) = 2*d**2 + 18*d - 12. Let l be p(-9). Let m be x(l). Let f(c) = -c**3 + 5*c**2 + 5*c - 7. What is f(m)?
-13
Let i(y) be the third derivative of 1 + 28*y**2 + 0*y**3 + 0*y - 1/24*y**4. Give i(2).
-2
Let a(h) be the third derivative of h**4/8 - 5*h**3/2 + 842*h**2. Calculate a(7).
6
Let p(f) = -f**2 + 4*f + 2. Let l(c) = 28*c - 133. Let w be l(5). Give p(w).
-19
Suppose -114*d = -103 - 125. Let m(n) = -2*n**3 + 2*n**3 - n**3 + n**2 + 2. Give m(d).
-2
Suppose 4*s - 280 = -0*s. Let q(d) = s*d + 71*d - 138*d - 5 - d**2. Give q(4).
-9
Let i be ((-35)/(-15))/((-2)/(-18)). Let o = -24 + i. Let b(s) = -s + 1. Let u(x) = -10*x + 4. Let g(a) = -5*b(a) + u(a). Determine g(o).
14
Let h(d) = -2*d**2 - 9*d - 8. Let g be 38/(-6) + (-2)/(-6). What is h(g)?
-26
Let l(r) = r**2 + r + 1. Let n(h) = 9*h**2 + 3*h + 4. Let i(t) = -4*l(t) + n(t). Let c be (-18 + -16)*2/(-4). Suppose -8 = -9*m - c. Give i(m).
6
Suppose -q - 4*i - 6 = -2*i, 0 = 2*q + 3*i + 8. Let l(o) = 8*o**2 - 387*o**3 - 3*o**q - 2*o + 386*o**3 - 5. Give l(4).
3
Let h(m) = m**2 + 6*m - 1. Suppose 0 = -2*d - 25*d - 162. Give h(d).
-1
Let l(r) = -2*r**2 + 17*r + 9. Let a = 796 + -788. Give l(a).
17
Let s(n) = -21*n + 5. Let q(y) = -47*y + 9. Let h(x) = 4*q(x) - 9*s(x). Suppose 5*j - 66 = -4*u + 2*u, 2*j - 4*u = 12. Give h(j).
3
Let t be (1 + 10/8)*(-8)/(-3). Let r(o) = o**2 + 7 + 2*o - 10 + 1 + t. Give r(-5).
19
Let z(b) be the third derivative of b**6/360 - 5*b**4/3 - 8*b**2. Let p(c) be the second derivative of z(c). Give p(1).
2
Let z be (-20)/6*(-126)/35. Let l = z + -9. Let u(f) = -18*f**l + 9*f**2 - 4*f**2 + 19*f**3. Calculate u(-5).
0
Let p(s) = 9*s**3 - s**2 - 5*s - 7. Let d(r) = 4*r**3 - r**2 - 3*r - 4. Let y(h) = 7*d(h) - 3*p(h). Let j be (2 - -12 - 4)/1 + -5. What is y(j)?
-12
Let n(b) = -7*b**3 + b**2. Let u(x) = x + 3*x - 4*x - 2*x + 5. Let a be u(5). Let i(r) = r + 6. Let m be i(a). Determine n(m).
-6
Let m(y) = 5*y + 3. Let n(s) = 6*s + 4. Let h be 3/(26/10 + -2). Let r(b) = h*m(b) - 4*n(b). What is r(-6)?
-7
Let t(j) = 64*j**2 + 1 + 60*j**2 - j**3 + 2*j**3 - 117*j**2 + j. What is t(-7)?
-6
Let r be (-12 - -2)/((-8)/4 - -1). Let n(c) = -r*c**2 - 3*c**3 - 10*c + 24*c**3 - 20*c**3 - 6. Give n(11).
5
Let o(b) = b + 7. Let v(l) = l + 16. Let h(q) = 2*q + 47. Let j(i) = 2*h(i) - 7*v(i). Let x be j(-5). Determine o(x).
4
Suppose -2*d = -4*l, 0 = -l + 2*d - 2 - 4. Let z(b) = 34*b**2 + b**3 - 2 - 9*b**2 - 13*b**2 - 8*b**2 - b - 6*b**2. Calculate z(l).
-4
Let x = 2 - 1. Let l(m) = m**2 + 3*m - 12. Let a be l(3). Let o(r) = 10*r**2 - 4*r - 1. Let d(w) = -10*w**2 + 5*w + 1. Let g(v) = a*o(v) + 5*d(v). What is g(x)?
10
Suppose -4*l - 25 = -0*a + a, l - 5*a - 20 = 0. Let v(h) be the third derivative of h**6/120 + h**5/10 + 5*h**4/24 - h**3/3 + h**2. What is v(l)?
-2
Suppose 3*x - 58 = 56. Suppose -37 = 3*d + 2*c, -4*d + 6*c = 3*c + x. Let w be (-